{"id":4228,"date":"2026-03-12T10:16:11","date_gmt":"2026-03-12T09:16:11","guid":{"rendered":"https:\/\/matterhornparagliding.com\/?page_id=4228"},"modified":"2026-03-13T15:01:35","modified_gmt":"2026-03-13T14:01:35","slug":"v-i-p","status":"publish","type":"page","link":"https:\/\/matterhornparagliding.com\/de\/buchen\/v-i-p\/","title":{"rendered":"V.I.P"},"content":{"rendered":"\t\t<div data-elementor-type=\"wp-page\" data-elementor-id=\"4228\" class=\"elementor elementor-4228 elementor-4064\">\n\t\t\t\t\t\t<div class=\"elementor-inner\">\n\t\t\t\t<div class=\"elementor-section-wrap\">\n\t\t\t\t\t\t\t\t\t<section class=\"elementor-section elementor-top-section elementor-element elementor-element-34bddd8 elementor-section-boxed elementor-section-height-default elementor-section-height-default parallax_section_no qode_elementor_container_no\" data-id=\"34bddd8\" data-element_type=\"section\">\n\t\t\t\t\t\t\t<div class=\"elementor-background-overlay\"><\/div>\n\t\t\t\t\t\t\t<div class=\"elementor-container elementor-column-gap-default\">\n\t\t\t\t\t\t\t<div class=\"elementor-row\">\n\t\t\t\t\t<div class=\"elementor-column elementor-col-100 elementor-top-column elementor-element elementor-element-7e4a9c0\" data-id=\"7e4a9c0\" data-element_type=\"column\">\n\t\t\t<div class=\"elementor-column-wrap elementor-element-populated\">\n\t\t\t\t\t\t\t<div class=\"elementor-widget-wrap\">\n\t\t\t\t\t\t<div class=\"elementor-element elementor-element-801ecce elementor-widget elementor-widget-html\" data-id=\"801ecce\" data-element_type=\"widget\" data-widget_type=\"html.default\">\n\t\t\t\t<div class=\"elementor-widget-container\">\n\t\t\t<product-details-widget widget-id=\"3c7047bb-979f-47bc-b8ec-0eac7892d716\"><\/product-details-widget><script type=\"text\/javascript\" src=\"https:\/\/widgets.regiondo.net\/product\/v1\/product-widget.min.js\"><\/script>\t\t<\/div>\n\t\t\t\t<\/div>\n\t\t\t\t<section class=\"elementor-section elementor-inner-section elementor-element elementor-element-1b72518 elementor-section-boxed elementor-section-height-default elementor-section-height-default parallax_section_no qode_elementor_container_no\" data-id=\"1b72518\" data-element_type=\"section\">\n\t\t\t\t\t\t<div class=\"elementor-container elementor-column-gap-default\">\n\t\t\t\t\t\t\t<div class=\"elementor-row\">\n\t\t\t\t\t<div class=\"elementor-column elementor-col-50 elementor-inner-column elementor-element elementor-element-fc8af36\" data-id=\"fc8af36\" data-element_type=\"column\">\n\t\t\t<div class=\"elementor-column-wrap elementor-element-populated\">\n\t\t\t\t\t\t\t<div class=\"elementor-widget-wrap\">\n\t\t\t\t\t\t<div class=\"elementor-element elementor-element-13f7b82 elementor-widget elementor-widget-text-editor\" data-id=\"13f7b82\" data-element_type=\"widget\" data-widget_type=\"text-editor.default\">\n\t\t\t\t<div class=\"elementor-widget-container\">\n\t\t\t\t\t\t\t\t<div class=\"elementor-text-editor elementor-clearfix\">\n\t\t\t\t<h3> Ist Ihr Wunschtermin nicht mehr verf\u00fcgbar?<\/h3>\nSollte Ihr bevorzugter Termin nicht mehr verf\u00fcgbar sein, kontaktieren Sie uns bitte direkt \u00fcber <a href=\"https:\/\/wa.me\/41774895916\">WhatsApp<\/a>.\t\t\t\t\t<\/div>\n\t\t\t\t\t\t<\/div>\n\t\t\t\t<\/div>\n\t\t\t\t\t\t<\/div>\n\t\t\t\t\t<\/div>\n\t\t<\/div>\n\t\t\t\t<div class=\"elementor-column elementor-col-50 elementor-inner-column elementor-element elementor-element-4dc0775\" data-id=\"4dc0775\" data-element_type=\"column\">\n\t\t\t<div class=\"elementor-column-wrap elementor-element-populated\">\n\t\t\t\t\t\t\t<div class=\"elementor-widget-wrap\">\n\t\t\t\t\t\t<div class=\"elementor-element elementor-element-44b94ab elementor-widget elementor-widget-text-editor\" data-id=\"44b94ab\" data-element_type=\"widget\" data-widget_type=\"text-editor.default\">\n\t\t\t\t<div class=\"elementor-widget-container\">\n\t\t\t\t\t\t\t\t<div class=\"elementor-text-editor elementor-clearfix\">\n\t\t\t\t<h3>Gr\u00f6ssere Gruppen<\/h3>\nTipp: Gr\u00f6ssere Gruppen k\u00f6nnen auf mehrere Zeitfenster aufgeteilt werden, oder Sie k\u00f6nnen sich direkt an uns wenden\t\t\t\t\t<\/div>\n\t\t\t\t\t\t<\/div>\n\t\t\t\t<\/div>\n\t\t\t\t\t\t<\/div>\n\t\t\t\t\t<\/div>\n\t\t<\/div>\n\t\t\t\t\t\t\t\t<\/div>\n\t\t\t\t\t<\/div>\n\t\t<\/section>\n\t\t\t\t\t\t<\/div>\n\t\t\t\t\t<\/div>\n\t\t<\/div>\n\t\t\t\t\t\t\t\t<\/div>\n\t\t\t\t\t<\/div>\n\t\t<\/section>\n\t\t\t\t\t\t\t\t\t<\/div>\n\t\t\t<\/div>\n\t\t\t\t\t<\/div>\n\t\t","protected":false},"excerpt":{"rendered":"<p>Ist Ihr Wunschtermin nicht mehr verf\u00fcgbar? Sollte Ihr bevorzugter Termin nicht mehr verf\u00fcgbar sein, kontaktieren Sie uns bitte direkt \u00fcber WhatsApp. Gr\u00f6ssere Gruppen Tipp: Gr\u00f6ssere Gruppen k\u00f6nnen auf mehrere Zeitfenster aufgeteilt werden, oder Sie k\u00f6nnen sich direkt an uns wenden<\/p>\n","protected":false},"author":1,"featured_media":0,"parent":2517,"menu_order":0,"comment_status":"closed","ping_status":"closed","template":"elementor_header_footer","meta":[],"yoast_head":"<!-- This site is optimized with the Yoast SEO plugin v18.3 - https:\/\/yoast.com\/wordpress\/plugins\/seo\/ -->\n<title>V.I.P | Matterhorn Paragliding<\/title>\n<meta name=\"robots\" content=\"index, follow, max-snippet:-1, max-image-preview:large, max-video-preview:-1\" \/>\n<link rel=\"canonical\" href=\"https:\/\/matterhornparagliding.com\/de\/buchen\/v-i-p\/\" \/>\n<meta property=\"og:locale\" content=\"de_DE\" \/>\n<meta property=\"og:type\" content=\"article\" \/>\n<meta property=\"og:title\" content=\"V.I.P | Matterhorn Paragliding\" \/>\n<meta property=\"og:description\" content=\"Ist Ihr Wunschtermin nicht mehr verf\u00fcgbar? Sollte Ihr bevorzugter Termin nicht mehr verf\u00fcgbar sein, kontaktieren Sie uns bitte direkt \u00fcber WhatsApp. Gr\u00f6ssere Gruppen Tipp: Gr\u00f6ssere Gruppen k\u00f6nnen auf mehrere Zeitfenster aufgeteilt werden, oder Sie k\u00f6nnen sich direkt an uns wenden\" \/>\n<meta property=\"og:url\" content=\"https:\/\/matterhornparagliding.com\/de\/buchen\/v-i-p\/\" \/>\n<meta property=\"og:site_name\" content=\"Matterhorn Paragliding\" \/>\n<meta property=\"article:publisher\" content=\"https:\/\/www.facebook.com\/search\/top?q=matterhorn%20paragliding\" \/>\n<meta property=\"article:modified_time\" content=\"2026-03-13T14:01:35+00:00\" \/>\n<meta name=\"twitter:card\" content=\"summary_large_image\" \/>\n<meta name=\"twitter:label1\" content=\"Gesch\u00e4tzte Lesezeit\" \/>\n\t<meta name=\"twitter:data1\" content=\"1\u00a0Minute\" \/>\n<script type=\"application\/ld+json\" class=\"yoast-schema-graph\">{\"@context\":\"https:\/\/schema.org\",\"@graph\":[{\"@type\":\"Organization\",\"@id\":\"https:\/\/matterhornparagliding.com\/#organization\",\"name\":\"Matterhorn Paragliding\",\"url\":\"https:\/\/matterhornparagliding.com\/\",\"sameAs\":[\"https:\/\/www.facebook.com\/search\/top?q=matterhorn paragliding\",\"https:\/\/instagram.com\/matterhornparagliding?utm_medium=copy_link\"],\"logo\":{\"@type\":\"ImageObject\",\"@id\":\"https:\/\/matterhornparagliding.com\/#logo\",\"inLanguage\":\"de\",\"url\":\"https:\/\/matterhornparagliding.com\/wp-content\/uploads\/2022\/06\/cropped-mp-pic-scaled-1.jpg\",\"contentUrl\":\"https:\/\/matterhornparagliding.com\/wp-content\/uploads\/2022\/06\/cropped-mp-pic-scaled-1.jpg\",\"width\":512,\"height\":512,\"caption\":\"Matterhorn Paragliding\"},\"image\":{\"@id\":\"https:\/\/matterhornparagliding.com\/#logo\"}},{\"@type\":\"WebSite\",\"@id\":\"https:\/\/matterhornparagliding.com\/#website\",\"url\":\"https:\/\/matterhornparagliding.com\/\",\"name\":\"Matterhorn Paragliding\",\"description\":\"Paragliding in Zermatt with Matterhorn Paragliding | Let us take you flying!\",\"publisher\":{\"@id\":\"https:\/\/matterhornparagliding.com\/#organization\"},\"potentialAction\":[{\"@type\":\"SearchAction\",\"target\":{\"@type\":\"EntryPoint\",\"urlTemplate\":\"https:\/\/matterhornparagliding.com\/?s={search_term_string}\"},\"query-input\":\"required name=search_term_string\"}],\"inLanguage\":\"de\"},{\"@type\":\"WebPage\",\"@id\":\"https:\/\/matterhornparagliding.com\/de\/buchen\/v-i-p\/#webpage\",\"url\":\"https:\/\/matterhornparagliding.com\/de\/buchen\/v-i-p\/\",\"name\":\"V.I.P | Matterhorn Paragliding\",\"isPartOf\":{\"@id\":\"https:\/\/matterhornparagliding.com\/#website\"},\"datePublished\":\"2026-03-12T09:16:11+00:00\",\"dateModified\":\"2026-03-13T14:01:35+00:00\",\"breadcrumb\":{\"@id\":\"https:\/\/matterhornparagliding.com\/de\/buchen\/v-i-p\/#breadcrumb\"},\"inLanguage\":\"de\",\"potentialAction\":[{\"@type\":\"ReadAction\",\"target\":[\"https:\/\/matterhornparagliding.com\/de\/buchen\/v-i-p\/\"]}]},{\"@type\":\"BreadcrumbList\",\"@id\":\"https:\/\/matterhornparagliding.com\/de\/buchen\/v-i-p\/#breadcrumb\",\"itemListElement\":[{\"@type\":\"ListItem\",\"position\":1,\"name\":\"Home\",\"item\":\"https:\/\/matterhornparagliding.com\/de\/\"},{\"@type\":\"ListItem\",\"position\":2,\"name\":\"Buchen\",\"item\":\"https:\/\/matterhornparagliding.com\/de\/reservez\/\"},{\"@type\":\"ListItem\",\"position\":3,\"name\":\"V.I.P\"}]}]}<\/script>\n<!-- \/ Yoast SEO plugin. -->","yoast_head_json":{"title":"V.I.P | Matterhorn Paragliding","robots":{"index":"index","follow":"follow","max-snippet":"max-snippet:-1","max-image-preview":"max-image-preview:large","max-video-preview":"max-video-preview:-1"},"canonical":"https:\/\/matterhornparagliding.com\/de\/buchen\/v-i-p\/","og_locale":"de_DE","og_type":"article","og_title":"V.I.P | Matterhorn Paragliding","og_description":"Ist Ihr Wunschtermin nicht mehr verf\u00fcgbar? Sollte Ihr bevorzugter Termin nicht mehr verf\u00fcgbar sein, kontaktieren Sie uns bitte direkt \u00fcber WhatsApp. Gr\u00f6ssere Gruppen Tipp: Gr\u00f6ssere Gruppen k\u00f6nnen auf mehrere Zeitfenster aufgeteilt werden, oder Sie k\u00f6nnen sich direkt an uns wenden","og_url":"https:\/\/matterhornparagliding.com\/de\/buchen\/v-i-p\/","og_site_name":"Matterhorn Paragliding","article_publisher":"https:\/\/www.facebook.com\/search\/top?q=matterhorn%20paragliding","article_modified_time":"2026-03-13T14:01:35+00:00","twitter_card":"summary_large_image","twitter_misc":{"Gesch\u00e4tzte Lesezeit":"1\u00a0Minute"},"schema":{"@context":"https:\/\/schema.org","@graph":[{"@type":"Organization","@id":"https:\/\/matterhornparagliding.com\/#organization","name":"Matterhorn Paragliding","url":"https:\/\/matterhornparagliding.com\/","sameAs":["https:\/\/www.facebook.com\/search\/top?q=matterhorn paragliding","https:\/\/instagram.com\/matterhornparagliding?utm_medium=copy_link"],"logo":{"@type":"ImageObject","@id":"https:\/\/matterhornparagliding.com\/#logo","inLanguage":"de","url":"https:\/\/matterhornparagliding.com\/wp-content\/uploads\/2022\/06\/cropped-mp-pic-scaled-1.jpg","contentUrl":"https:\/\/matterhornparagliding.com\/wp-content\/uploads\/2022\/06\/cropped-mp-pic-scaled-1.jpg","width":512,"height":512,"caption":"Matterhorn Paragliding"},"image":{"@id":"https:\/\/matterhornparagliding.com\/#logo"}},{"@type":"WebSite","@id":"https:\/\/matterhornparagliding.com\/#website","url":"https:\/\/matterhornparagliding.com\/","name":"Matterhorn Paragliding","description":"Paragliding in Zermatt with Matterhorn Paragliding | Let us take you flying!","publisher":{"@id":"https:\/\/matterhornparagliding.com\/#organization"},"potentialAction":[{"@type":"SearchAction","target":{"@type":"EntryPoint","urlTemplate":"https:\/\/matterhornparagliding.com\/?s={search_term_string}"},"query-input":"required name=search_term_string"}],"inLanguage":"de"},{"@type":"WebPage","@id":"https:\/\/matterhornparagliding.com\/de\/buchen\/v-i-p\/#webpage","url":"https:\/\/matterhornparagliding.com\/de\/buchen\/v-i-p\/","name":"V.I.P | Matterhorn Paragliding","isPartOf":{"@id":"https:\/\/matterhornparagliding.com\/#website"},"datePublished":"2026-03-12T09:16:11+00:00","dateModified":"2026-03-13T14:01:35+00:00","breadcrumb":{"@id":"https:\/\/matterhornparagliding.com\/de\/buchen\/v-i-p\/#breadcrumb"},"inLanguage":"de","potentialAction":[{"@type":"ReadAction","target":["https:\/\/matterhornparagliding.com\/de\/buchen\/v-i-p\/"]}]},{"@type":"BreadcrumbList","@id":"https:\/\/matterhornparagliding.com\/de\/buchen\/v-i-p\/#breadcrumb","itemListElement":[{"@type":"ListItem","position":1,"name":"Home","item":"https:\/\/matterhornparagliding.com\/de\/"},{"@type":"ListItem","position":2,"name":"Buchen","item":"https:\/\/matterhornparagliding.com\/de\/reservez\/"},{"@type":"ListItem","position":3,"name":"V.I.P"}]}]}},"_links":{"self":[{"href":"https:\/\/matterhornparagliding.com\/de\/wp-json\/wp\/v2\/pages\/4228"}],"collection":[{"href":"https:\/\/matterhornparagliding.com\/de\/wp-json\/wp\/v2\/pages"}],"about":[{"href":"https:\/\/matterhornparagliding.com\/de\/wp-json\/wp\/v2\/types\/page"}],"author":[{"embeddable":true,"href":"https:\/\/matterhornparagliding.com\/de\/wp-json\/wp\/v2\/users\/1"}],"replies":[{"embeddable":true,"href":"https:\/\/matterhornparagliding.com\/de\/wp-json\/wp\/v2\/comments?post=4228"}],"version-history":[{"count":6,"href":"https:\/\/matterhornparagliding.com\/de\/wp-json\/wp\/v2\/pages\/4228\/revisions"}],"predecessor-version":[{"id":4324,"href":"https:\/\/matterhornparagliding.com\/de\/wp-json\/wp\/v2\/pages\/4228\/revisions\/4324"}],"up":[{"embeddable":true,"href":"https:\/\/matterhornparagliding.com\/de\/wp-json\/wp\/v2\/pages\/2517"}],"wp:attachment":[{"href":"https:\/\/matterhornparagliding.com\/de\/wp-json\/wp\/v2\/media?parent=4228"}],"curies":[{"name":"wp","href":"https:\/\/api.w.org\/{rel}","templated":true}]}}

<div data-elementor-type="wp-page" data-elementor-id="4228" class="elementor elementor-4228 elementor-4064">
						<div class="elementor-inner">
				<div class="elementor-section-wrap">
									<section class="elementor-section elementor-top-section elementor-element elementor-element-34bddd8 elementor-section-boxed elementor-section-height-default elementor-section-height-default parallax_section_no qode_elementor_container_no" data-id="34bddd8" data-element_type="section">
							<div class="elementor-background-overlay"></div>
							<div class="elementor-container elementor-column-gap-default">
							<div class="elementor-row">
					<div class="elementor-column elementor-col-100 elementor-top-column elementor-element elementor-element-7e4a9c0" data-id="7e4a9c0" data-element_type="column">
			<div class="elementor-column-wrap elementor-element-populated">
							<div class="elementor-widget-wrap">
						<div class="elementor-element elementor-element-801ecce elementor-widget elementor-widget-html" data-id="801ecce" data-element_type="widget" data-widget_type="html.default">
				<div class="elementor-widget-container">
			<product-details-widget widget-id="3c7047bb-979f-47bc-b8ec-0eac7892d716"></product-details-widget><script type="text/javascript" src="https://widgets.regiondo.net/product/v1/product-widget.min.js"></script>		</div>
				</div>
				<section class="elementor-section elementor-inner-section elementor-element elementor-element-1b72518 elementor-section-boxed elementor-section-height-default elementor-section-height-default parallax_section_no qode_elementor_container_no" data-id="1b72518" data-element_type="section">
						<div class="elementor-container elementor-column-gap-default">
							<div class="elementor-row">
					<div class="elementor-column elementor-col-50 elementor-inner-column elementor-element elementor-element-fc8af36" data-id="fc8af36" data-element_type="column">
			<div class="elementor-column-wrap elementor-element-populated">
							<div class="elementor-widget-wrap">
						<div class="elementor-element elementor-element-13f7b82 elementor-widget elementor-widget-text-editor" data-id="13f7b82" data-element_type="widget" data-widget_type="text-editor.default">
				<div class="elementor-widget-container">
								<div class="elementor-text-editor elementor-clearfix">
				<h3> Ist Ihr Wunschtermin nicht mehr verfügbar?</h3>
Sollte Ihr bevorzugter Termin nicht mehr verfügbar sein, kontaktieren Sie uns bitte direkt über <a href="https://wa.me/41774895916">WhatsApp</a>.					</div>
						</div>
				</div>
						</div>
					</div>
		</div>
				<div class="elementor-column elementor-col-50 elementor-inner-column elementor-element elementor-element-4dc0775" data-id="4dc0775" data-element_type="column">
			<div class="elementor-column-wrap elementor-element-populated">
							<div class="elementor-widget-wrap">
						<div class="elementor-element elementor-element-44b94ab elementor-widget elementor-widget-text-editor" data-id="44b94ab" data-element_type="widget" data-widget_type="text-editor.default">
				<div class="elementor-widget-container">
								<div class="elementor-text-editor elementor-clearfix">
				<h3>Grössere Gruppen</h3>
Tipp: Grössere Gruppen können auf mehrere Zeitfenster aufgeteilt werden, oder Sie können sich direkt an uns wenden					</div>
						</div>
				</div>
						</div>
					</div>
		</div>
								</div>
					</div>
		</section>
						</div>
					</div>
		</div>
								</div>
					</div>
		</section>
									</div>
			</div>
					</div>

<p>Ist Ihr Wunschtermin nicht mehr verfügbar? Sollte Ihr bevorzugter Termin nicht mehr verfügbar sein, kontaktieren Sie uns bitte direkt über WhatsApp. Grössere Gruppen Tipp: Grössere Gruppen können auf mehrere Zeitfenster aufgeteilt werden, oder Sie können sich direkt an uns wenden</p>

<!-- This site is optimized with the Yoast SEO plugin v18.3 - https://yoast.com/wordpress/plugins/seo/ -->
<title>V.I.P | Matterhorn Paragliding</title>
<meta name="robots" content="index, follow, max-snippet:-1, max-image-preview:large, max-video-preview:-1" />
<link rel="canonical" href="https://matterhornparagliding.com/de/buchen/v-i-p/" />
<meta property="og:locale" content="de_DE" />
<meta property="og:type" content="article" />
<meta property="og:title" content="V.I.P | Matterhorn Paragliding" />
<meta property="og:description" content="Ist Ihr Wunschtermin nicht mehr verfügbar? Sollte Ihr bevorzugter Termin nicht mehr verfügbar sein, kontaktieren Sie uns bitte direkt über WhatsApp. Grössere Gruppen Tipp: Grössere Gruppen können auf mehrere Zeitfenster aufgeteilt werden, oder Sie können sich direkt an uns wenden" />
<meta property="og:url" content="https://matterhornparagliding.com/de/buchen/v-i-p/" />
<meta property="og:site_name" content="Matterhorn Paragliding" />
<meta property="article:publisher" content="https://www.facebook.com/search/top?q=matterhorn%20paragliding" />
<meta property="article:modified_time" content="2026-03-13T14:01:35+00:00" />
<meta name="twitter:card" content="summary_large_image" />
<meta name="twitter:label1" content="Geschätzte Lesezeit" />
	<meta name="twitter:data1" content="1 Minute" />
<script type="application/ld+json" class="yoast-schema-graph">{"@context":"https://schema.org","@graph":[{"@type":"Organization","@id":"https://matterhornparagliding.com/#organization","name":"Matterhorn Paragliding","url":"https://matterhornparagliding.com/","sameAs":["https://www.facebook.com/search/top?q=matterhorn paragliding","https://instagram.com/matterhornparagliding?utm_medium=copy_link"],"logo":{"@type":"ImageObject","@id":"https://matterhornparagliding.com/#logo","inLanguage":"de","url":"https://matterhornparagliding.com/wp-content/uploads/2022/06/cropped-mp-pic-scaled-1.jpg","contentUrl":"https://matterhornparagliding.com/wp-content/uploads/2022/06/cropped-mp-pic-scaled-1.jpg","width":512,"height":512,"caption":"Matterhorn Paragliding"},"image":{"@id":"https://matterhornparagliding.com/#logo"}},{"@type":"WebSite","@id":"https://matterhornparagliding.com/#website","url":"https://matterhornparagliding.com/","name":"Matterhorn Paragliding","description":"Paragliding in Zermatt with Matterhorn Paragliding | Let us take you flying!","publisher":{"@id":"https://matterhornparagliding.com/#organization"},"potentialAction":[{"@type":"SearchAction","target":{"@type":"EntryPoint","urlTemplate":"https://matterhornparagliding.com/?s={search_term_string}"},"query-input":"required name=search_term_string"}],"inLanguage":"de"},{"@type":"WebPage","@id":"https://matterhornparagliding.com/de/buchen/v-i-p/#webpage","url":"https://matterhornparagliding.com/de/buchen/v-i-p/","name":"V.I.P | Matterhorn Paragliding","isPartOf":{"@id":"https://matterhornparagliding.com/#website"},"datePublished":"2026-03-12T09:16:11+00:00","dateModified":"2026-03-13T14:01:35+00:00","breadcrumb":{"@id":"https://matterhornparagliding.com/de/buchen/v-i-p/#breadcrumb"},"inLanguage":"de","potentialAction":[{"@type":"ReadAction","target":["https://matterhornparagliding.com/de/buchen/v-i-p/"]}]},{"@type":"BreadcrumbList","@id":"https://matterhornparagliding.com/de/buchen/v-i-p/#breadcrumb","itemListElement":[{"@type":"ListItem","position":1,"name":"Home","item":"https://matterhornparagliding.com/de/"},{"@type":"ListItem","position":2,"name":"Buchen","item":"https://matterhornparagliding.com/de/reservez/"},{"@type":"ListItem","position":3,"name":"V.I.P"}]}]}</script>
<!-- / Yoast SEO plugin. -->

Ist Ihr Wunschtermin nicht mehr verfügbar? Sollte Ihr bevorzugter Termin nicht mehr verfügbar sein, kontaktieren Sie uns bitte direkt über WhatsApp. Grössere Gruppen Tipp: Grössere Gruppen können auf mehrere Zeitfenster aufgeteilt werden, oder Sie können sich direkt an uns wenden
